14*h - 801. Determine j(22).
-9
Let k(g) = -g**3 - 29*g**2 + 42*g + 320. Give k(-30).
-40
Let f(c) = 13*c + 123. What is f(-11)?
-20
Let r(x) = -3*x**3 + x**2 - 55*x + 219. What is r(3)?
-18
Let m(y) = -4*y**3 + 77*y**2 - 18*y + 10. Give m(19).
29
Let u(h) = h - 104. Calculate u(0).
-104
Let r(a) = -2*a**2 - 1014*a + 3054. What is r(3)?
-6
Let f(s) = s**3 - 256*s**2 - 537*s + 5400. Calculate f(258).
-18
Let b(w) = -w**3 - 6*w**2 - 11*w - 60. Give b(-6).
6
Let b(d) = 793*d + 23788. Calculate b(-30).
-2
Let a(j) = 3*j**3 - 939*j**2 + 10*j - 3140. Give a(313).
-10
Let m(o) = o**3 + 21*o**2 + 8*o + 178. Determine m(-21).
10
Let o(k) = -2*k**2 - 2*k + 93. Determine o(9).
-87
Let r(q) = 993*q + 6939. Give r(-7).
-12
Let m(u) = 2*u**3 + 93*u**2 + 301*u - 30. Determine m(-43).
-30
Let g(j) = 3*j**2 + 33*j + 103. What is g(-5)?
13
Let a(f) = 2*f**3 + 5*f**2 + 3*f - 2. Give a(-2).
-4
Let r(m) = -20*m**3 + 22*m**2 + 53*m + 7. Determine r(-3).
586
Let b(p) = 25*p - 587. Calculate b(24).
13
Let m(r) = r**3 + 12*r**2 - 8*r + 37. Give m(-12).
133
Let o(s) = 49*s**3 + 2*s**2 - 10*s - 4. Give o(2).
376
Let v(w) = -w**3 - 51*w**2 + 176*w + 3698. Determine v(-53).
-12
Let z(r) = 24*r + 122. Calculate z(-11).
-142
Let z(l) = 17282*l + 241945. Give z(-14).
-3
Let s(p) = 6*p**2 - 118*p + 356. Give s(4).
-20
Let h(u) = 29*u**2 - 208*u + 15. What is h(7)?
-20
Let g(l) = 27*l**3 + 2*l**2 + 2*l - 10. Determine g(2).
218
Let g(h) = -h**2 + 249*h - 2371. Determine g(10).
19
Let o(d) = -d**2 + 27*d + 105. What is o(23)?
197
Let s(x) = x**2 - 60*x + 487. What is s(43)?
-244
Let u(a) = -a**2 + 307*a + 9020. Give u(-27).
2
Let n(r) = -586*r + 4083. Calculate n(7).
-19
Let k(q) = -q + 452. What is k(-79)?
531
Let i(h) = h**2 + 13*h - 62. Give i(5).
28
Let n(k) = 2*k**2 + 152*k - 2964. What is n(-92)?
-20
Let p(n) = 4*n**3 + 1328*n**2 + 1317*n - 2312. Determine p(-331).
5
Let s(z) = -28*z - 81. What is s(-9)?
171
Let q(u) = 1087*u - 6550. Calculate q(6).
-28
Let m(h) = 4*h**2 + 10*h - 125. Calculate m(-11).
249
Let x(h) = 299*h + 19654. Determine x(-66).
-80
Let m(a) = 123*a + 651. Calculate m(-5).
36
Let m(q) = -4*q**2 - 48*q + 351. Give m(5).
11
Let l(f) = f**2 - 22*f + 131. Give l(6).
35
Let t(i) = 2*i**2 - 33*i + 172. What is t(15)?
127
Let u(c) = 2*c**3 + 3*c - 71. Determine u(0).
-71
Let j(n) = n**2 + 14*n - 123. Determine j(-9).
-168
Let v(w) = -113*w - 1369. Determine v(-12).
-13
Let x(q) = 23*q**2 + 85*q + 13. Give x(-4).
41
Let y(d) = -40*d + 399. Calculate y(10).
-1
Let y(n) = 4717*n + 47161. Calculate y(-10).
-9
Let o(u) = 20*u + 32. Give o(-21).
-388
Let q(u) = -u**3 - 25*u**2 + 444*u - 11. Calculate q(-37).
-11
Let k(u) = u**3 - 4*u**2 - 125*u + 670. Determine k(6).
-8
Let x(g) = 358*g + 35744. Give x(-100).
-56
Let a(j) = -26*j**2 + 468*j - 17. What is a(18)?
-17
Let y(x) = 47*x + 96. Give y(-2).
2
Let p(n) = -3504*n - 35043. Determine p(-10).
-3
Let d(c) = c**3 - 42*c**2 + 35*c + 354. Calculate d(41).
108
Let x(a) = -14*a + 1651. Determine x(118).
-1
Let p(s) = -s**3 + 2*s**2 - 2*s - 5. Calculate p(2).
-9
Let l(n) = 2*n**2 + 52*n + 41. Determine l(-24).
-55
Let a(x) = 26*x - 1445. Give a(56).
11
Let f(s) = 12*s**2 - 13*s + 30. Give f(4).
170
Let y(g) = -531*g + 8510. Give y(16).
14
Let a(h) = h**2 + 31*h + 58. What is a(-23)?
-126
Let d(o) = o**3 + 7*o**2 - 20*o + 3. What is d(-9)?
21
Let s(q) = q**2 + 7*q - 433. Calculate s(15).
-103
Let x(a) = -4*a + 54. Give x(21).
-30
Let u(p) = -28*p - 387. Calculate u(-14).
5
Let f(l) = -l**2 - 35*l + 28. Calculate f(-46).
-478
Let i(z) = -z**2 - 10*z + 934. What is i(-35)?
59
Let v(o) = -19*o**2 + 4049*o - 419. Give v(213).
7
Let p(m) = -428*m + 3938. Determine p(9).
86
Let v(d) = d**3 + 70*d**2 - 983*d - 12. Give v(-82).
-94
Let y(l) = 348*l - 17048. What is y(49)?
4
Let p(c) = -c**2 - 71*c - 189. Calculate p(-3).
15
Let i(g) = g**3 - 20*g**2 + 80*g - 71. What is i(15)?
4
Let k(s) = -s**2 - 66*s + 85. Determine k(-67).
18
Let g(n) = 63*n - 500. Calculate g(7).
-59
Let y(s) = 2*s**3 + 32*s**2 - 37*s - 592. Give y(-16).
0
Let r(c) = -c**3 - 57*c**2 + 196*c + 4600. Give r(-59).
-2
Let p(m) = m**3 + 38*m**2 - 123*m - 16. Determine p(-41).
-16
Let s(p) = -2*p**3 + 31*p**2 + 50*p - 37. What is s(17)?
-54
Let i(c) = -c**3 + 10*c**2 + 151*c - 1162. Determine i(15).
-22
Let k(s) = -8*s**3 + s**2 + 21*s - 51. What is k(5)?
-921
Let i(b) = -6*b + 322. What is i(61)?
-44
Let j(d) = -7*d**2 + 40*d + 225. Determine j(-6).
-267
Let h(r) = r**3 - 35*r**2 + 29*r + 20. Give h(34).
-150
Let h(s) = -s**3 + 28*s**2 - 48*s - 4. What is h(26)?
100
Let i(z) = z**3 + 6*z**2 - 7*z - 38. What is i(-5)?
22
Let d(o) = 3*o**2 + 137*o - 5992. What is d(-73)?
-6
Let o(c) = 75*c - 310. Determine o(4).
-10
Let h(m) = -26*m**2 - 43*m + 186. Calculate h(4).
-402
Let u(p) = -5*p**3 + 64*p**2 - 2*p + 234. Give u(13).
39
Let u(z) = -3*z**3 + 3*z**2 - 6*z + 11. Calculate u(4).
-157
Let x(a) = -2*a + 22. What is x(-68)?
158
Let i(x) = 70*x + 460. Calculate i(-7).
-30
Let f(m) = 51*m**3 + m. What is f(-1)?
-52
Let l(k) = -2*k**3 + 32*k**2 - 37*k + 150. Determine l(15).
45
Let n(a) = 10*a**2 + 9*a + 1. Give n(-2).
23
Let u(v) = -20*v**2 + 17*v - 40. Calculate u(2).
-86
Let x(p) = -95*p - 1319. What is x(-14)?
11
Let k(u) = -137*u + 1277. Determine k(9).
44
Let m(n) = -2*n**2 + 27*n + 869. Give m(-20).
-471
Let f(n) = n**2 + 40*n + 148. Give f(-29).
-171
Let c(b) = -45*b + 487. What is c(10)?
37
Let b(s) = -106*s + 366. Calculate b(3).
48
Let b(v) = v**3 - 13*v**2 - 11*v + 59. Determine b(14).
101
Let s(q) = q**3 - 15*q**2 - 64*q + 530. Give s(17).
20
Let d(y) = -3*y**2 + 26*y - 68. Calculate d(5).
-13
Let o(n) = n**3 - 9*n**2 - 14*n + 38. What is o(11)?
126
Let p(d) = -10*d + 143. What is p(-52)?
663
Let v(g) = 2*g**2 - 45*g - 27. What is v(20)?
-127
Let x(n) = -298*n + 293. Calculate x(1).
-5
Let g(b) = b**2 - 166*b - 2529. Calculate g(-14).
-9
Let p(x) = -4*x**2 - 92*x + 119. Calculate p(-25).
-81
Let l(d) = 2*d**2 + 74*d - 320. What is l(-49)?
856
Let m(q) = q**3 + 25*q**2 + 51*q + 122. What is m(-23)?
7
Let m(s) = -6*s**2 - 2184*s - 2184. What is m(-1)?
-6
Let w(o) = 35*o**2 - 112*o - 2. Determine w(3).
-23
Let u(k) = 41*k**2 - 18*k - 21. What is u(-2)?
179
Let j(u) = -u**3 - 19*u**2 + 35*u + 216. What is j(-20)?
-84
Let r(m) = 19*m + 8. Give r(2).
46
Let c(x) = x**2 - 44*x + 396. What is c(32)?
12
Let t(y) = 111*y**2 - 230*y + 6. Determine t(2).
-10
Let v(w) = -3175*w + 12755. Calculate v(4).
55
Let c(k) = -18*k + 35. Calculate c(2).
-1
Let a(x) = x**2 - 171*x + 1301. Determine a(8).
-3
Let m(o) = -443*o - 4855. Calculate m(-11).
18
Let u(f) = f**3 - 49*f**2 + 92*f + 128. Determine u(47).
34
Let c(a) = -1477*a**2 - 25107*a + 32. What is c(-17)?
-2
Let r(a) = a**3 - 27*a**2 + 144*a - 81. Determine r(20).
-1
Let s(o) = -16*o**2 - 118*o - 203. Give s(-3).
7
Let i(g) = -42*g + 2257. What is i(61)?
-305
Let d(g) = -16*g**2 - 1247*g + 77. Give d(-78).
-1
Let l(u) = 16*u**3 + 3*u**2 + 11*u - 25. What is l(3)?
467
Let l(t) = 905*t + 7270. Determine l(-8).
30
Let u(s) = -s**2 + 23*s - 144. Determine u(17).
-42
Let d(c) = -34*c + 9. What is d(-2)?
77
Let h(v) = -v**3 - 50*v**2 + 340*v - 43. What is h(6)?
-19
Let a(b) = b**2 + 3*b - 42. Determine a(-10).
28
Let w(r) = -568*r + 573. What is w(1)?
5
Let p(a) = 5*a**2 + 41*a - 173. What is p(3)?
-5
Let t(h) = -20*h - 633. Give t(-36).
87
Let f(o) = -15*o + 436. Calculate f(26).
46
Let f(t) = -2*t**3 - 136*t**2 + 122*t - 1144. What is f(-69)?
-40
Let p(c) = -c**2 + 48*c - 408. Calculate p(11).
-1
Let s(w) = 8162*w - 40809. Calculate s(5).
1
Let y(l) = -50*l**2 + 295*l - 13. Give y(5).
212
Let v(d) = -5*d**3 + 8*d**2 + 3*d + 1. Calculate v(4).
-179
Let m(q) = 241*q + 22402. Give m(-93).
-11
Let r(t) = -2*t**3 + 14*t**2 - 356*t + 2065. Calculate r(6).
1
Let q(h) = -h**3 - 7*h**2 - 958*h - 8809. Give q(-9).
-25
Let x(j) = -j**3 - 16*j**2 - 17*j + 16. Determine x(-14).
-138
Let o(c) = c**2 + 286*c + 8355. Determine o(-33).
6
Let i(x) = 4*x**2 + 113*x - 90. What is i(-29)?
-3
Let y(m) = 2*m**2 - 43*m - 43. Calculate y(23).
26
Let t(h) = 27*h - 748. Calculate t(28).
8
Let q(u) = -42*u - 1530. Give q(-36).
-18
Let x(i) = -i**3 + 2*i**2 + 3*i - 3. Give x(2).
3
Let i(m) = -10*m**2 + 440*m + 4. What is i(44)?
4
Let o(f) = f**3